o + 2*b = -b + 27, -b = -4*o + 8. Suppose -4*a = -o*a - 36. Let h = a - 0. What is the highest common divisor of h and 12?
12
Let z(q) = -6*q**3 + 3*q**2 - 2*q - 2. Let g be z(2). Let y = g + 63. What is the highest common factor of 3 and y?
3
Suppose u - r = 14, 2*u + 0*r - r - 27 = 0. What is the greatest common divisor of 65 and u?
13
Suppose -16 = 2*i + 2*t - 6*t, -4*i - t + 13 = 0. Let p be 4*i/16*72. What is the highest common divisor of p and 54?
18
Let g = 4 - -1. Suppose 6 - 1 = g*w. Suppose t - w = -2*b, -b = 2*b + t - 3. Calculate the greatest common factor of 3 and b.
1
Suppose 3*v - 3*w + 9 = -2*v, -2*v - 9 = -3*w. Let g(i) = -i - 9. Let f be g(v). Let x be (-6)/f + (-16)/(-3). What is the highest common factor of 9 and x?
3
Suppose -251 = -4*f - 51. Let d(u) = -5*u - 15. Let x be d(-7). What is the highest common divisor of f and x?
10
Let v(k) = -k**3 + k + 22. Let p be v(0). Let t(l) = -3*l + 8 - 5*l - 1 + l**3 + 2*l + 8*l**2. Let d be t(-8). What is the greatest common factor of p and d?
11
Let q be (-7)/2 + 9/6. Let h = 6 + q. Calculate the greatest common divisor of h and 32.
4
Let w = 27 - 25. Suppose -8 = 2*j - 6*j. Let x be -5*(w - j - 2). Calculate the greatest common divisor of 10 and x.
10
Let y be 397/2 - (-6)/12. Suppose y = 2*h + k, -5*k = -5*h - 0*k + 475. Calculate the highest common divisor of h and 14.
14
Let n(g) be the first derivative of g**4/4 - 2*g**3 + 5*g**2/2 + 3*g - 1. Let i be n(5). Suppose d = i*d - 6. Calculate the highest common divisor of d and 3.
3
Suppose 11*i - 946 + 759 = 0. Suppose -273 = -2*h - m + 2*m, -3*m = -4*h + 547. What is the highest common factor of i and h?
17
Let i be 6*10/(-12)*-3. Calculate the highest common factor of 75 and i.
15
Suppose -43*t + 46*t - 168 = 0. Calculate the highest common factor of 8 and t.
8
Suppose -3*g = -g + 18. Let d be 0 - (-1 - g/(-1)). What is the highest common divisor of 10 and d?
10
Let s be 2/(-10) - (-8261)/55. Let t = s + -94. What is the highest common factor of 140 and t?
28
Let l be (-4)/(-6) + (-372)/(-9). Let q = 78 - l. What is the greatest common divisor of q and 9?
9
Let a(f) = -19*f + 5. Let g be a(-6). What is the greatest common divisor of g and 17?
17
Suppose 6 = i + 1. Suppose 5 = -2*q + 1, i*s - 171 = 3*q. Suppose 2*d - 120 = -5*c, 4*c + 12 = 5*c - 2*d. Calculate the highest common factor of s and c.
11
Suppose l = -k + 6, -4*k - 11 = -4*l + 21. What is the highest common divisor of 42 and l?
7
Suppose 3*g = 6*g - 36. Calculate the highest common divisor of 18 and g.
6
Let w = 55 + -46. Let q = -3 - -4. What is the highest common divisor of w and q?
1
Suppose 0 = -18*c + 1054 + 656. Calculate the greatest common divisor of 76 and c.
19
Suppose -w - 18 = -z - 2*w, 4*z + 5*w - 70 = 0. Let i(v) = v + 0*v - 42*v - 29*v. Let p be i(-2). What is the greatest common divisor of p and z?
20
Let y = -35 + 37. Let a = 24 + -14. Calculate the highest common divisor of a and y.
2
Suppose m - 68 = -5*p, -p - 5*m + 22 = -2*m. Suppose 4*i - 26 = -5*j, 0*j + 3*j = -5*i + p. What is the greatest common factor of 30 and j?
6
Suppose 10 = q - 0*q. Let a = 0 + q. Calculate the highest common divisor of a and 10.
10
Suppose 5*w - 148 = 3*w. Calculate the greatest common divisor of w and 185.
37
Let d(r) be the second derivative of -7*r**3/6 - r**2/2 + r. Let q be d(1). Let m be 1/(-4) + (-26)/q. What is the greatest common factor of 21 and m?
3
Suppose -2*u + 2*r + 30 = 0, -r - 87 = 2*u - 7*u. Suppose 2*g - 1 - 3 = 0. Calculate the greatest common divisor of g and u.
2
Let u(z) = -4*z + 1. Let o(i) = -i. Let q(r) = 9*o(r) - 2*u(r). Let p be q(-8). Calculate the greatest common factor of p and 6.
6
Suppose z - 5 = -o, 5*z + 4*o = 2*o + 37. Let k = 4 - -5. Calculate the greatest common factor of z and k.
9
Let z = -8 + 12. Suppose -2*w + 5*w + 5*n = 89, -4*w + 76 = -4*n. Suppose -3*s + w = -13. What is the highest common divisor of z and s?
4
Suppose 18*a + 6 = 20*a. Let k(f) = -f + 10. Let o be k(a). Calculate the highest common factor of o and 49.
7
Let u be 2/4*18*(-10)/(-15). What is the greatest common divisor of u and 6?
6
Let a = -16 - -26. Let j be (-14)/6 + 3/9. Let u = 32 + j. Calculate the highest common factor of u and a.
10
Suppose 5*x + 12 = -8, 0 = -5*p - 5*x + 5. Calculate the greatest common factor of 5 and p.
5
Suppose -3*w + 2 = -w. Let y = 1 - -13. Suppose -d = d - y. What is the greatest common factor of w and d?
1
Let b = 32 + -21. Let y = 20 - 2. Suppose -2*t + y + 4 = 0. Calculate the highest common divisor of t and b.
11
Let p(g) = -g**3 - 2*g**2 - 4*g - 1. Let a be p(-3). Suppose -220 = 15*b - 26*b. Calculate the highest common divisor of a and b.
20
Suppose 0 = -5*b + 2*b. Let c be (-28)/(-6)*(6 + b). What is the highest common factor of c and 4?
4
Suppose 100 - 30 = 5*p. Calculate the highest common factor of p and 98.
14
Let w(b) = 6*b + 22. Let g be w(15). What is the highest common factor of 280 and g?
56
Let j(w) = w**2 + 4*w + 2. Let q be j(-4). Suppose -k - 3*l = -8, 2*k + 0 + 6 = 5*l. Calculate the highest common factor of k and q.
2
Let t(x) = -17*x + 1. Let d be t(-1). Calculate the greatest common divisor of 18 and d.
18
Suppose -2*a + 6 = g, -a + 10 = a - g. Let r = 6 + -8. Let q be (1 - r/(-6))*6. Calculate the highest common divisor of q and a.
4
Suppose 0 = -3*z - 4*t + 150, -z - 4*t + 35 + 15 = 0. What is the greatest common divisor of z and 20?
10
Let f(i) = -14*i - 8. Let h be f(-7). What is the highest common factor of 36 and h?
18
Let v = -28 - -105. Let u = -14 + v. Suppose -45 = -8*s + 3*s. Calculate the greatest common divisor of u and s.
9
Suppose a = 7*a - 96. What is the highest common factor of 2 and a?
2
Suppose 2*y = y + 3*w + 99, 143 = 2*y + 5*w. What is the greatest common factor of y and 12?
12
Let x(w) = w**3 - w**2 - 6*w + 2. Let g be x(4). Suppose 3*b - 6*b = -195. What is the greatest common divisor of b and g?
13
Let t be (-1 - 0)/(21/(-252)). What is the highest common divisor of 6 and t?
6
Let l(d) = -77*d**3 - 2*d**2 + d. Let f be l(2). Let u be 3/9 + f/(-6). Calculate the highest common factor of 13 and u.
13
Let m = 128 - 215. Let q = m + 123. Calculate the highest common factor of q and 9.
9
Let u = -213 - -332. What is the highest common divisor of 17 and u?
17
Let n(x) = -x**2 + 8*x + 3. Let h be n(8). Calculate the greatest common divisor of 3 and h.
3
Suppose y = -5*f + 500 + 198, -3*y = -3*f + 426. Suppose -100 + 30 = -5*t. What is the greatest common factor of f and t?
14
Let n = 6 - -5. Let k = 113 - 58. What is the highest common divisor of n and k?
11
Suppose -76*z - 37 = -77*z. What is the highest common divisor of 185 and z?
37
Let n = -82 + 118. Calculate the greatest common divisor of 144 and n.
36
Suppose -2*s + 4*w + 8 = 0, s + w + 8 = 3*s. Let l = 32 + -18. Let c be (12/7)/(2/l). What is the greatest common divisor of c and s?
4
Let c be 62/(-10)*-1 + 20/25. What is the greatest common factor of 1 and c?
1
Suppose c = 31 + 5. What is the highest common factor of 4 and c?
4
Let g(a) = a**3 + a**2 + a + 1. Let o be g(-1). Suppose o = 5*z + 2*y - 3 - 0, 4*z + 5*y + 1 = 0. Calculate the greatest common factor of 8 and z.
1
Suppose 5*u - 4 = 5*q + 1, 0 = -3*u - 4*q - 4. Let o be (123 - u) + 9/(-3). What is the highest common divisor of 48 and o?
24
Let p be (-396)/(-102) + 6/51. What is the greatest common divisor of p and 8?
4
Let q(k) = k**3 - 8*k**2 + 3*k - 9. Suppose 2*f + 55 = 7*f. Let n = -3 + f. Let h be q(n). What is the greatest common divisor of h and 120?
15
Suppose 5*q - 327 = -3*u, -3*q + u = -q - 133. Let n be (-66)/4*(-25)/(50/12). Calculate the highest common divisor of q and n.
33
Suppose 0*y = 5*y - 110. Suppose -2*w + 8 = -4*s, -3*s + 5*s = -5*w + 20. Let l = s - -11. What is the highest common factor of y and l?
11
Let g = 4 + -1. Let k = g - -8. What is the highest common factor of k and 11?
11
Suppose 0 = 3*g + g. Suppose -2*z - 5*c - 57 = g, -3*c + 3 = 6. Let w be (z/(-3))/(4/12). Calculate the highest common divisor of w and 260.
26
Let j be 2/5 + (-48)/(-5). Let g(q) = -9 - 8*q + 9*q + 2*q**3 - 10*q**2 - q**3. Let k be g(j). What is the highest common factor of k and 4?
1
Suppose 0 = -5*z + b - 2*b + 19, 7 = z - 3*b. Suppose 5 = -g - z*g. Let h be